0 a factor of 1217?
False
Is 16728 a multiple of 102?
True
Is 2 a factor of 758?
True
Is 11 a factor of 28188?
False
Is 3248 a multiple of 23?
False
Does 52 divide 40924?
True
Is 9176 a multiple of 3?
False
Does 72 divide 13769?
False
Does 5 divide 529?
False
Does 79 divide 1327?
False
Is 33263 a multiple of 29?
True
Does 21 divide 1904?
False
Is 48 a factor of 24080?
False
Does 11 divide 4411?
True
Is 68 a factor of 11832?
True
Does 5 divide 7508?
False
Does 9 divide 348?
False
Is 347 a multiple of 54?
False
Is 138 a factor of 2346?
True
Is 345 a multiple of 20?
False
Does 6 divide 116?
False
Is 31 a factor of 1454?
False
Is 1360 a multiple of 52?
False
Does 49 divide 306?
False
Does 37 divide 1332?
True
Does 13 divide 798?
False
Does 67 divide 1324?
False
Is 100 a multiple of 2?
True
Is 520 a multiple of 8?
True
Is 4872 a multiple of 21?
True
Is 356 a multiple of 6?
False
Is 7 a factor of 630?
True
Is 84 a factor of 49392?
True
Is 56 a factor of 1904?
True
Is 99 even?
False
Is 3328 a multiple of 15?
False
Is 10 a factor of 650?
True
Does 28 divide 336?
True
Is 5 a factor of 1371?
False
Is 33 a factor of 5337?
False
Does 39 divide 27195?
False
Is 4 a factor of 18070?
False
Is 60 a factor of 7961?
False
Does 102 divide 2550?
True
Is 2047 a multiple of 13?
False
Does 15 divide 870?
True
Is 72 a factor of 1270?
False
Is 115 a factor of 31360?
False
Is 88 a multiple of 7?
False
Is 82 a factor of 1068?
False
Does 7 divide 3549?
True
Is 21318 a multiple of 18?
False
Is 47 a factor of 26931?
True
Is 34 a factor of 2238?
False
Is 26 a factor of 889?
False
Is 50 a factor of 2250?
True
Does 7 divide 42?
True
Does 8 divide 99?
False
Does 8 divide 22061?
False
Is 87 a factor of 1479?
True
Is 8 a factor of 412?
False
Is 1160 a multiple of 10?
True
Is 3192 a multiple of 21?
True
Is 3743 a multiple of 88?
False
Does 5 divide 3696?
False
Is 13244 a multiple of 28?
True
Does 71 divide 497?
True
Is 92 a multiple of 4?
True
Is 94923 a multiple of 18?
False
Is 43 a factor of 2279?
True
Is 257 a multiple of 19?
False
Is 1400 a multiple of 50?
True
Does 8 divide 1270?
False
Is 2673 a multiple of 243?
True
Does 80 divide 2240?
True
Does 251 divide 6477?
False
Is 448 a multiple of 64?
True
Is 11 a factor of 646?
False
Does 82 divide 3854?
True
Does 10 divide 2148?
False
Does 17 divide 14977?
True
Is 28551 a multiple of 13?
False
Is 553 a multiple of 20?
False
Does 20 divide 11320?
True
Does 11 divide 458?
False
Is 5 a factor of 24?
False
Is 987 even?
False
Is 33 a factor of 1485?
True
Does 20 divide 1313?
False
Is 10 a factor of 30850?
True
Does 111 divide 1554?
True
Is 4532 a multiple of 28?
False
Is 6 a factor of 642?
True
Is 3142 a multiple of 22?
False
Is 12481 a multiple of 5?
False
Is 8375 a multiple of 125?
True
Is 4 a factor of 240?
True
Is 12834 a multiple of 69?
True
Does 11 divide 1276?
True
Is 12525 a multiple of 20?
False
Does 20 divide 421?
False
Is 1680 a multiple of 70?
True
Does 81 divide 136?
False
Is 2 a factor of 219?
False
Does 31 divide 1302?
True
Is 250 a factor of 500?
True
Does 8 divide 5173?
False
Does 9 divide 784?
False
Does 75 divide 1986?
False
Is 324 a multiple of 54?
True
Is 176 a factor of 45361?
False
Is 122 a multiple of 61?
True
Does 13 divide 585?
True
Does 43 divide 480?
False
Is 106 a factor of 17641?
False
Does 3 divide 6283?
False
Is 205 a multiple of 13?
False
Is 304 a factor of 44661?
False
Is 12 a factor of 6903?
False
Is 28028 a multiple of 196?
True
Is 9 a factor of 99873?
True
Does 17 divide 2514?
False
Is 5 a factor of 141?
False
Is 432 a multiple of 27?
True
Is 6900 a multiple of 23?
True
Does 22 divide 16188?
False
Does 15 divide 540?
True
Does 50 divide 37294?
False
Is 131 a multiple of 5?
False
Does 34 divide 5685?
False
Does 6 divide 543?
False
Is 30468 a multiple of 15?
False
Is 11 a factor of 715?
True
Does 5 divide 340?
True
Is 2 a factor of 333?
False
Is 9 a factor of 6105?
False
Is 63 a factor of 756?
True
Is 54 a factor of 257?
False
Is 30 a factor of 76170?
True
Is 567 a multiple of 5?
False
Does 46 divide 1150?
True
Is 31 a factor of 5529?
False
Is 5 a factor of 269?
False
Does 97 divide 24501?
False
Does 3 divide 705?
True
Is 22 a factor of 4485?
False
Does 47 divide 940?
True
Does 3 divide 56?
False
Does 16 divide 5540?
False
Does 29 divide 29609?
True
Does 155 divide 2043?
False
Does 37 divide 217?
False
Is 4 a factor of 1154?
False
Does 66 divide 1056?
True
Does 3 divide 423?
True
Is 1648 a multiple of 9?
False
Is 24 a factor of 13868?
False
Does 12 divide 24108?
True
Is 131 a factor of 103147?
False
Is 31 a factor of 10568?
False
Is 360 a multiple of 30?
True
Does 9 divide 13346?
False
Is 988 a multiple of 19?
True
Does 17 divide 3264?
True
Does 12 divide 17692?
False
Is 10936 a multiple of 46?
False
Is 31 a factor of 5682?
False
Is 4283 a multiple of 47?
False
Does 2 divide 2625?
False
Is 89 a factor of 4094?
True
Does 27 divide 1596?
False
Is 2784 a multiple of 34?
False
Does 11 divide 679?
False
Is 17 a factor of 3077?
True
Does 13 divide 3751?
False
Is 1886 a multiple of 82?
True
Is 47 a factor of 900?
False
Does 10 divide 547?
False
Is 21 a factor of 256?
False
Is 32 a factor of 40165?
False
Is 20930 a multiple of 26?
True
Is 17 a factor of 58888?
True
Is 250 a multiple of 10?
True
Is 2967 a multiple of 43?
True
Is 97 a multiple of 10?
False
Is 182 a multiple of 13?
True
Does 8 divide 795?
False
Does 10 divide 46256?
False
Does 8 divide 3399?
False
Does 4 divide 203?
False
Does 95 divide 34295?
True
Does 18 divide 27666?
True
Is 57 a factor of 21901?
False
Is 409 a multiple of 2?
False
Is 225 a multiple of 5?
True
Is 19 a factor of 3325?
True
Is 958 a multiple of 16?
False
Does 76 divide 836?
True
Is 7 a factor of 4940?
False
Does 31 divide 2171?
False
Does 21 divide 426?
False
Is 10 a factor of 12430?
True
Is 315 a multiple of 7?
True
Is 48 a factor of 88?
False
Does 3 divide 291?
True
Is 22968 a multiple of 72?
True
Does 20 divide 2114?
False
Does 38 divide 4332?
True
Is 16 a factor of 3793?
False
Does 10 divide 378?
False
Does 14 divide 2422?
True
Is 35 a factor of 1540?
True
Is 64 a factor of 1408?
True
Is 9 a factor of 492?
False
Is 35 a factor of 4585?
True
Is 1556 a multiple of 101?
False
Is 134 even?
True
Does 5 divide 10480?
True
Is 308 a multiple of 14?
True
Is 25 a factor of 4281?
False
Does 28 divide 2940?
True
Does 21 divide 29211?
True
Does 11 divide 2310?
True
Is 25 a factor of 10869?
False
Does 3 divide 4442?
False
Is 45 a factor of 1639?
False
Is 47 a factor of 2074?
False
Is 120 a multiple of 40?
True
Is 7 a factor of 1183?
True
Does 18 divide 306?
True
Is 9 a factor of 9102?
False
Does 14 divide 378?
True
Is 89 a factor of 236?
False
Is 133 a factor of 798?
True
Does 34 divide 31215?
False
Is 76 a factor of 1836?
False
Does 67 divide 28609?
True
Is 5964 a multiple of 142?
True
Does 136 divide 26248?
True
Is 50 a factor of 8971?
False
Is 51 a factor of 4850?
False
Is 11086 a multiple of 23?
True
Does 129 divide 9933?
True
Does 8 divide 5678?
False
Is 70658 a multiple of 32?
False
Does 28 divide 2548?
True
Does 36 divide 60332?
False
Is 32 a factor of 38789?
False
Does 9 divide 2765?
False
Is 8692 a multiple of 53?
True
Is 11 a factor of 3409?
False
Is 9465 a multiple of 12?
False
Is 13 a factor of 2198?
False
Is 605 a multiple of 55?
True
Is 31 a factor of 1767?
True
Is 262 a factor of 20090?
False
Is 38647 a multiple of 8?
False
Does 67 divide 9438?
False
Is 24 a factor of 7368?
True
Does 42 divide 8232?
True
Is 1804 a multiple of 11?
True
Does 33 divide 25839?
True
Does 54 divide 54?
True
Is 4 a factor of 5260?
True
Does 15 divide 1245?
True
Is 18 a factor of 1485?
False
Is 26 a factor of 78?
True
Is 13 a factor of 85?
False
Is 9 a factor of 1453?
False
Is 5011 a multiple of 45?
False
Is 504 a multiple of 13?
False
Is 25 a factor of 10575?
True
Does 6 divide 390?
True
Is 9 a factor of 6534?
True
Is 108 a factor of 6744?
False
Does 161 divide 7889?
True
Is 5535 a multiple of 3?
True
Does 37 divide 437?
False
Is 165 a factor of 5445?
True
Does 11 divide 3487?
True
Is 1917 a multiple of 17?
False
Is 3487 a multiple of 18?
False
Is 15 a factor of 2214?
False
Is 20124 a multiple of 156?
True
Is 4171 a multiple of 297?
False
Is 12 a factor of 778?
False
Is 17 a factor of 8336?
